76) + 117 + -138.
40
16 + (-58 - -19 - -19) + -4 + 0
-8
What is -5 - (165 + -116 - 92)?
38
What is 0 + (-19 - (-8 - -2)) + (7 - -39)?
33
Evaluate (1 - 10) + -54 + -17 + 40.
-40
Calculate -3 + 58 + -9 + 2 + (17 - 20) + -4.
41
-17 + ((-9 - -42) + -141 - -41)
-84
What is 6 + -26 + 0 - ((-121 - -104) + 10 + 2)?
-15
Calculate 28 - (-4 - (5 - 37 - -13)).
13
(2 - 43) + (-134 - -36) + 103
-36
-269 + 262 - (3 - (0 - -3) - 63) - -3
59
(-37 - (9 + -11) - 4) + (-2 + 9 - 2)
-34
1 + 7 + (35 - (63 - -32) - (16 - -1))
-69
36600 + -36682 - (0 - -25)
-107
Calculate 21 + -6 + -8 + -27 + -4.
-24
What is -170 + (111 - -21) + (-3 - 0 - 5)?
-46
What is -36 - -7 - 63 - -57?
-35
What is the value of -10 + 23 + 2 + -40 - -40?
15
What is the value of (-492 - -543) + (-4 - -8)?
55
What is -8 + 22 + -30 + 10 - (10 - 0 - 2)?
-14
What is the value of (2 - 0 - 0 - -2) + 106 + (-73 - 107)?
-70
Calculate (-401 - -334) + 10 + 109.
52
Evaluate (-29808 - -29809) + (1 + 35 - (1 + -1)).
37
What is -17 - -7 - (-5 + 4 + (-17 - 3 - -1))?
10
-10 + 2 + 1 + 0 + (-13 - (59 - 73))
-6
-156 - -154 - ((30 - 38) + 2 + -6)
10
-42 - (83 - 54) - -54
-17
Calculate -153 + 1 + -660 + 747.
-65
What is the value of 1 + -132 + ((4 - 25) + 62 - 37)?
-127
-15 + (2 + -9 - (101 - 93)) + 7
-23
Calculate (49 - 24 - 33 - 21) + -57.
-86
Evaluate -11 + (-10 - -4 - -15) + 6 + 0 + -40.
-36
What is 14 + -9 + -2 + 43 - (-110 - -125)?
31
What is the value of 0 - -83 - (19 + (11 - (-17 - -22)) + -26)?
84
What is 30 + (-73 - -47) - 25?
-21
What is 13 - 0 - (-28 + (69 - 32))?
4
-10 + 1 - (9 + (7 - (136 - 19)))
92
-1551 + 1460 - (33 + -5)
-119
Evaluate (-41 + 138 - 27) + 1.
71
What is -6 + 1 + -13 + (-3 - -4)?
-17
Evaluate 4 + (2 + (0 - -3) - (-34 + 18 - -47)).
-22
What is the value of 5 - (-5 + 9) - (-90 - -28)?
63
Calculate -3 - ((13 - 0) + -431 + 424).
-9
What is -19 + 7 + 12 + (42 - 5)?
37
Calculate (-3 - (-3 - 9)) + -38 + (-6 - 22) - 10.
-67
What is -196 + (-72 - -77) + 84?
-107
What is the value of -6 - (-5 + 19) - 34 - -13?
-41
Evaluate (4 - 4) + 33 - (32 - (9 - -36)).
46
What is -59 + 5 + -3 - -14?
-43
96 - (-42 + 69 + 16)
53
What is the value of 136 + (-45 - -19) + -30?
80
What is 1 - (-46 + 38 + -25)?
34
Evaluate 699 - 642 - (0 - -38).
19
What is (-3 - 72) + 33 + 15 + -47?
-74
Evaluate 10 + (-17 + 31 - 43 - -7).
-12
Calculate 52 - (18 - (22 + -14)).
42
What is the value of (15 - (-8 + (-13 - -28))) + (-9 - -3) + -23?
-21
(-40 - (-6 + 47 + -69)) + 0 + 101
89
-19 - (-1 + 1) - (8839 - 8846)
-12
Evaluate -4 - 0 - (0 + -1 + -34 + (-1411 - -1424)).
18
Evaluate (37 + (8 - 40) - (3 + 1)) + (7 - -8).
16
-7 - (-13 - -60 - 34)
-20
Calculate (79 - 54) + -31 - -1.
-5
What is -114 - (-8 - (5 - -233))?
132
57 + -25 + -42 + (21 - -1) - (1 - -61)
-50
Calculate 76 + -206 + (14 - 5 - -7).
-114
What is the value of (191 - 46) + -123 + -101?
-79
Evaluate -117 + -20 + (130 - 47).
-54
What is 131 + (-86 - -44) + -19?
70
What is 4285 + -4310 + 0 + (91 - -1)?
67
What is the value of -100 + (114 - (30 + -61))?
45
Evaluate 115 - 69 - 71 - (1 - 67).
41
What is the value of 89 + 47 + -58 + -19 + 48?
107
What is the value of -19 + (-12 - 0 - (39 + -65 - -29))?
-34
Evaluate (17 - -1 - (369 - 339)) + 22.
10
-10 - (7 + -20) - (-1 - -13) - 6
-15
Calculate 16 - (-6 - (-41 + (15 - 30) + 15)).
-19
Evaluate -2 + 89 + (22 + -6 - (0 + 16 - 7)).
94
Calculate 0 - (-2 - 21) - (-31 - (67 - 110)).
11
Calculate -29 + (-93 + 40 - -69).
-13
Calculate (54 - (32 + -32)) + -79.
-25
What is the value of 8 - (-136 - -56) - 77?
11
What is (14 + 7 + 8 - 10) + (-51 - 28)?
-60
What is the value of -10 - (68 + -141 + 32)?
31
(1893 - 1749) + -136 + -3
5
What is 28 - (12 - -2 - -7)?
7
(0 - (-1 - -1 - 38)) + -19157 + 19154
35
What is the value of (-5 - 0) + 11 - (-6 + 33)?
-21
Evaluate -20 - (93 + (124 + -115 - (27 - 1))).
-96
Calculate -25 - (-3 - (-3 + -20 - -2)).
-43
Evaluate 21 + -27 - (-7 + (-10 + -30 - 5)).
46
Evaluate -3 - (2 + (2 - -2)) - (7 - (-115 - -14)).
-117
Evaluate 20 - (-98 + 85 + 42 + -4) - -107.
102
What is the value of -15 + 1 + (-14 - (-97 + 15))?
54
What is (0 - 81 - 0) + -108 + 104?
-85
What is the value of -1 - 103 - (899 - 969)?
-34
What is the value of -1 + -7 - (-5 + -66 + -5 + (-48 - -20))?
96
What is 51 - (-15 - -21 - (-8 - -11 - 9))?
39
(9 - -1 - 22) + (2 - -16 - 16)
-10
Calculate 3 - (122 - 106 - -47).
-60
What is -49 + -2 - (133 + (4 - 118))?
-70
-7 + (-7 - 1) + -5 + (-2 - 22) + 4
-40
8717 + -8721 - (87 + -1)
-90
Calculate (-35 - -40) + 2 + -5 - -13 - -8.
23
What is the value of (9 - (26 + -6)) + 2 - (-1 - -4)?
-12
33 - (-20 - 117 - -96)
74
Calculate 4 - (62 - (4 + -3) - (-3 - (-29 + 22))).
-53
Calculate (1 - -2) + (3 - 19) + -39 + 46 - 29.
-35
-84 - (25 - 13 - (43 - 11))
-64
What is (-2 - 19) + (7 + 7 - -5) + -20?
-22
What is -74 + 105 + -86 + -41?
-96
What is 85 + (-14 - (-20 + 18) - (-6 + -2)) + 5?
86
Calculate (-16 - -7 - 9) + 45 + -34.
-7
Calculate (-127 - -112) + (14 - -13).
12
What is (22 - 240) + 139 - -31?
-48
((-2 - -3) + 2 + 31 - (7 - 0)) + 7
34
What is -28 - 55 - -47 - -140?
104
-21 + (6 - 14) + 2 + -6
-33
What is the value of 78 + (-17 - 4 - (-12 - 22))?
91
What is the value of -43 + 36 + -5 + -3?
-15
-96 - (-25 - (-3 - (2 - (-7 + 1))))
-82
(-2 - -3 - (28 + (-23 - 6))) + -47
-45
-31 + -133 - -114 - 20
-70
Evaluate -4 + 9 + (8 - 4) + 13 + 228 + -368.
-118
Calculate -23 + 8 + -15 + 69 + -45.
-6
Calculate (-5 - ((3 - -2) + -45 + -15)) + (-104 - -103).
49
What is (49 - 38 - 48) + 46 - (0 + 29)?
-20
Calculate 43 - -10 - (72 - 18).
-1
What is the value of -3 + (7 + -3 - -9) - (772 + -744)?
-18
Evaluate -35 + 15 + -69 - (16 - -1).
-106
33 + (-1067 - -1114 - (-5 + 0))
85
(-5 - -22) + (5 - (-17 + 13) - 99)
-73
40 + -93 + 18 - -73
38
Calculate (-5 - -8) + -6 - (-284 - -346 - (-1 + 13)).
-53
What is 56 + 64 + (-80 - -19)?
59
Calculate -328 - -380 - (3 + 2).
47
-117 - (80 + (-62 - 67))
-68
Calculate (22 - -20) + 21 - 50 - (1 + -20).
32
What is the value of 17 + 30 + (4 - (-15 + 78))?
-12
Calculate -5 - -6 - (-41 - -1) - (36 + (-3 - 28)).
36
What is the value of (-1 - -14) + (176 - 123)?
66
Calculate 79 - (38 + 74 + -37 + -52).
56
What is the value of 71 + -21 - ((4 - 1) + -36)?
83
What is 10 + -34 + 15 - ((4 - 1) + -55)?
43
Evaluate -87 - (-156 + 48 - -59).
-38
0 - ((0 - (16 - -7)) + 45)
-22
Evaluate -56 - 8 - (50 + -8 + -32).
-74
Calculate -74 - -12 - ((60 - 15) + -45).
-62
Calculate 1 + -3 + 14 + -89 + -7 + 0 - -7.
-77
Evaluate (-7 - ((2 - 3) + (51 - 50))) + -60.
-67
(3 + -42 - 1) + 2527 + -2552
-65
What is the value of 4 - (-1 + -6 + 4 + (2 - -21))?
-16
Evaluate -2 + 2 + -4 + -1 - (-41 - (-82 - -41)).
-5
-87 + -2 - (9560 + -9708)
59
Calculate -6 - 15 - 21 - -17.
-25
What is (-12 - ((25 - -8) + -31)) + (0 - -4 - -65)?
55
Evaluate (1 - 3) + 24 + (-14 - (-12 - -5)).
15
What is the value of -23 - (-2 + 2) - (17 - (35 + -19))?
-24
Calculate 35 - -11 - (3 + -9) - -1.
53
Calculate 24 + 16 - 6 - (20 + 0).
14
Calculate 69 + (-15 - (-16 + 8)) + 4 + -3.
63
Evaluate 883 + -883 - (-2 - (142 + (-6 - -2))) - 9.
131
Evaluate -11 - (-4 + -16 + 14 - -23).
-28
Calculate (-2 - 1) + (-57 - -61) - (-4 + (6 - 70)).
69
What is -16 + -2 + 14 + 4 - (-2 + 0 + 46)?
-44
What is the value of 149 - (75 - (50 - 18))?
106
What is -3 + 5 + -2 - (-10 + (3 - -11))?
-4
Evaluate 11 - (6 + 26 - -3).
-24
Calculate -36 + (70 + -91 - (0 - -23)).
-80
84 - 18 - (19 - 20 - 8 - -20)
55
Evaluate 1 + 57 - (-84 - -12 - -84).
46
Evaluate -59 - (55 + -43) - (-8 - 27).
-36
Evaluate (-7 - 18 - -30) + (-5 - 1) - 0 - 4.
-5
2 - (-2 + -4) - (45 - (-21 + 39) - -57)
-76
Calculate 12 - (-13 + 19) - 37 - (1 - (0 - 9)).
-41
Evaluate (107 - 111 - -1) + (24 - (2 + (2 - 5))).
22
What is -114 + 138 + 1 + -14 - 9 - (23 + 11)?
-32
-2 - ((-15 - -52) + -63)
24
Calculate 2 + -1 + -42 - (22 + (-33 - -16)).
-46
What is the value of -9 - (-69 + 63 + (42 - -6))?
-51
(40 - (-8 - -15) - 41) + (0 - -12)
4
What is the value of 125 - (176 + (16 - 101))?
34
Evaluate 107 + -121 - (-4 + (-94 - 6)) - 10.
80
Evaluate 108 - (27 + 9 + -64) - (17 + 0).
119
Evaluate -22 - ((281 - 277) + -2 + 13).
-37
-21 - (21 + 17 - 68)
9
0 + (-11 - 8) - (-81 - -61) - 119
-118
What is the value of -13 - (-248 - -258 - (76 + (0 - 0)))?
53
What is the value of 64 + (-72 + 61 - (1 + -3 + -8)) - 1?
62
Evaluate 71 - 6 - -54 - 206.
-87
Wha